{"id":377,"date":"2023-02-18T10:14:00","date_gmt":"2023-02-18T10:14:00","guid":{"rendered":"https:\/\/acei.site\/?page_id=377"},"modified":"2023-02-18T15:42:02","modified_gmt":"2023-02-18T15:42:02","slug":"magazines-and-publication","status":"publish","type":"page","link":"https:\/\/acei.site\/?page_id=377","title":{"rendered":"Magazines and Publication"},"content":{"rendered":"\t\t<div data-elementor-type=\"wp-page\" data-elementor-id=\"377\" class=\"elementor elementor-377\" data-elementor-post-type=\"page\">\n\t\t\t\t\t\t<section class=\"elementor-section elementor-top-section elementor-element elementor-element-25a5c58c elementor-section-boxed elementor-section-height-default elementor-section-height-default\" data-id=\"25a5c58c\" data-element_type=\"section\">\n\t\t\t\t\t\t<div class=\"elementor-container elementor-column-gap-default\">\n\t\t\t\t\t<div class=\"elementor-column elementor-col-100 elementor-top-column elementor-element elementor-element-56d3b796\" data-id=\"56d3b796\" data-element_type=\"column\">\n\t\t\t<div class=\"elementor-widget-wrap elementor-element-populated\">\n\t\t\t\t\t\t<div class=\"elementor-element elementor-element-72f9724b elementor-widget elementor-widget-text-editor\" data-id=\"72f9724b\" data-element_type=\"widget\" data-widget_type=\"text-editor.default\">\n\t\t\t\t\t\t\t\t\t<p><\/p>\n<p><a href=\"https:\/\/m.facebook.com\/story.php?story_fbid=pfbid0dMx5w9TxKUqtrHT2KCJYzS6PMu9kxW5iDh6kfnZXg7rZNvZrAjE193WKx5GgzEb5l&amp;id=100015113131008\">\u0130L\u00c7EM\u0130Z MEHMET AK\u0130F ERSOY \u0130LKOKULU ETW\u0130NN\u0130NG VE ERASMUS PROJELER\u0130 ROMANYA ORTAGI EK\u0130B\u0130 \u0130L\u00c7E M\u0130LL\u0130 E\u011e\u0130T\u0130M M\u00dcD\u00dcR\u00dcM\u00dcZ SAYIN MESUT KOCABA\u015e&#8217;I MAKAMINDA Z\u0130YARET ETT\u0130LER<\/a><\/p>\n<p><\/p>\n<p>\u0130l\u00e7emiz Mehmet Akif Ersoy \u0130lkokulu e twinning ve Erasmus Proje orta\u011f\u0131 Romanya Petrescu dan Okul\u00f6ncesi \u00f6\u011fretmeni Atena Ilie ve s\u0131n\u0131f \u00f6\u011fretmeni Mariana Mocaita ,Lavinia Matei, \u0130l\u00e7e Milli E\u011fitim M\u00fcd\u00fcr\u00fcm\u00fcz Mesut KOCABA\u015e&#8217;\u0131 Makam\u0131nda ziyaret ederek y\u00fcr\u00fct\u00fclen projeler hakk\u0131nda g\u00f6r\u00fc\u015fme ger\u00e7ekle\u015ftirdiler G\u00f6r\u00fc\u015fmede \u0130l\u00e7emiz e Twinning proje temsilcisi Serkan Mustafa AKYOL&#8217;da e\u015flik etti. \u0130l\u00e7e Milli E\u011fitim M\u00fcd\u00fcr\u00fcm\u00fcz Say\u0131n Mesut KOCABA\u015e y\u00fcr\u00fct\u00fclen projeler konusunda gerekli \u00e7al\u0131\u015fmalar\u0131n yap\u0131ld\u0131\u011f\u0131, Ge\u00e7en y\u0131l yap\u0131lan Erasmus projesinin iyile\u015ftirilmesi ve eksikliklerin giderilmesi konusunda gereken \u00e7al\u0131\u015fmalar\u0131n yap\u0131laca\u011f\u0131n\u0131 s\u00f6yledi.<\/p>\n<p>\t\t\t\t\t<div\n\t\t\t\t\t\tclass=\"wp-block-uagb-image-gallery uagb-block-f32bd5a8     \"\n\t\t\t\t\t\tstyle=\"\"\n\t\t\t\t\t>\n\t\t\t\t\t\t\t\t\t\t\t<div class=\"spectra-image-gallery spectra-image-gallery__layout--grid spectra-image-gallery__layout--grid-col-4 spectra-image-gallery__layout--grid-col-tab-3 spectra-image-gallery__layout--grid-col-mob-2\">\n\t\t\t\t\t\t\t\t\t\t\t<div class='spectra-image-gallery__media-wrapper' data-spectra-gallery-image-id='394' tabindex=\"0\">\n\t\t\t\t\t\t\t<div class=\"spectra-image-gallery__media spectra-image-gallery__media--grid\">\n\t\t\t\t<picture>\n\t\t\t\t\t<source media=\"(min-width: 1024px)\" srcset=\"http:\/\/acei.site\/wp-content\/uploads\/2023\/02\/aaa.jpeg\">\n\t\t\t\t\t<source media=\"(min-width: 768px)\" srcset=\"http:\/\/acei.site\/wp-content\/uploads\/2023\/02\/aaa.jpeg\">\n\t\t\t\t\t<img decoding=\"async\" class=\"spectra-image-gallery__media-thumbnail spectra-image-gallery__media-thumbnail--grid\" src=\"http:\/\/acei.site\/wp-content\/uploads\/2023\/02\/aaa-300x199.jpeg\" alt=\"\" loading=\"lazy\" \/>\n\t\t\t\t<\/picture>\n\t\t\t\t<div class=\"spectra-image-gallery__media-thumbnail-blurrer\"><\/div>\n\t\t\t\t\t\t\t\t\t\t\t<div class=\"spectra-image-gallery__media-thumbnail-caption-wrapper spectra-image-gallery__media-thumbnail-caption-wrapper--overlay\">\n\t\t\t\t\t\t\t\t\t\t\t<div class=\"spectra-image-gallery__media-thumbnail-caption spectra-image-gallery__media-thumbnail-caption--overlay\">\n\t\t\t\t\tNo Caption\t\t\t\t<\/div>\n\t\t\t\t\t\t\t\t\t\t<\/div>\n\t\t\t\t\t\t\t\t\t<\/div>\n\t\t\t\t\t\t<\/div>\n\t\t\t\t\t\t<div class='spectra-image-gallery__media-wrapper' data-spectra-gallery-image-id='393' tabindex=\"0\">\n\t\t\t\t\t\t\t<div class=\"spectra-image-gallery__media spectra-image-gallery__media--grid\">\n\t\t\t\t<picture>\n\t\t\t\t\t<source media=\"(min-width: 1024px)\" srcset=\"http:\/\/acei.site\/wp-content\/uploads\/2023\/02\/www-1024x680.jpeg\">\n\t\t\t\t\t<source media=\"(min-width: 768px)\" srcset=\"http:\/\/acei.site\/wp-content\/uploads\/2023\/02\/www-1024x680.jpeg\">\n\t\t\t\t\t<img decoding=\"async\" class=\"spectra-image-gallery__media-thumbnail spectra-image-gallery__media-thumbnail--grid\" src=\"http:\/\/acei.site\/wp-content\/uploads\/2023\/02\/www-300x199.jpeg\" alt=\"\" loading=\"lazy\" \/>\n\t\t\t\t<\/picture>\n\t\t\t\t<div class=\"spectra-image-gallery__media-thumbnail-blurrer\"><\/div>\n\t\t\t\t\t\t\t\t\t\t\t<div class=\"spectra-image-gallery__media-thumbnail-caption-wrapper spectra-image-gallery__media-thumbnail-caption-wrapper--overlay\">\n\t\t\t\t\t\t\t\t\t\t\t<div class=\"spectra-image-gallery__media-thumbnail-caption spectra-image-gallery__media-thumbnail-caption--overlay\">\n\t\t\t\t\tNo Caption\t\t\t\t<\/div>\n\t\t\t\t\t\t\t\t\t\t<\/div>\n\t\t\t\t\t\t\t\t\t<\/div>\n\t\t\t\t\t\t<\/div>\n\t\t\t\t\t\t<div class='spectra-image-gallery__media-wrapper' data-spectra-gallery-image-id='392' tabindex=\"0\">\n\t\t\t\t\t\t\t<div class=\"spectra-image-gallery__media spectra-image-gallery__media--grid\">\n\t\t\t\t<picture>\n\t\t\t\t\t<source media=\"(min-width: 1024px)\" srcset=\"http:\/\/acei.site\/wp-content\/uploads\/2023\/02\/jjj-1024x680.jpeg\">\n\t\t\t\t\t<source media=\"(min-width: 768px)\" srcset=\"http:\/\/acei.site\/wp-content\/uploads\/2023\/02\/jjj-1024x680.jpeg\">\n\t\t\t\t\t<img decoding=\"async\" class=\"spectra-image-gallery__media-thumbnail spectra-image-gallery__media-thumbnail--grid\" src=\"http:\/\/acei.site\/wp-content\/uploads\/2023\/02\/jjj-300x199.jpeg\" alt=\"\" loading=\"lazy\" \/>\n\t\t\t\t<\/picture>\n\t\t\t\t<div class=\"spectra-image-gallery__media-thumbnail-blurrer\"><\/div>\n\t\t\t\t\t\t\t\t\t\t\t<div class=\"spectra-image-gallery__media-thumbnail-caption-wrapper spectra-image-gallery__media-thumbnail-caption-wrapper--overlay\">\n\t\t\t\t\t\t\t\t\t\t\t<div class=\"spectra-image-gallery__media-thumbnail-caption spectra-image-gallery__media-thumbnail-caption--overlay\">\n\t\t\t\t\tNo Caption\t\t\t\t<\/div>\n\t\t\t\t\t\t\t\t\t\t<\/div>\n\t\t\t\t\t\t\t\t\t<\/div>\n\t\t\t\t\t\t<\/div>\n\t\t\t\t\t\t<div class='spectra-image-gallery__media-wrapper' data-spectra-gallery-image-id='391' tabindex=\"0\">\n\t\t\t\t\t\t\t<div class=\"spectra-image-gallery__media spectra-image-gallery__media--grid\">\n\t\t\t\t<picture>\n\t\t\t\t\t<source media=\"(min-width: 1024px)\" srcset=\"http:\/\/acei.site\/wp-content\/uploads\/2023\/02\/kk-1024x680.jpeg\">\n\t\t\t\t\t<source media=\"(min-width: 768px)\" srcset=\"http:\/\/acei.site\/wp-content\/uploads\/2023\/02\/kk-1024x680.jpeg\">\n\t\t\t\t\t<img decoding=\"async\" class=\"spectra-image-gallery__media-thumbnail spectra-image-gallery__media-thumbnail--grid\" src=\"http:\/\/acei.site\/wp-content\/uploads\/2023\/02\/kk-300x199.jpeg\" alt=\"\" loading=\"lazy\" \/>\n\t\t\t\t<\/picture>\n\t\t\t\t<div class=\"spectra-image-gallery__media-thumbnail-blurrer\"><\/div>\n\t\t\t\t\t\t\t\t\t\t\t<div class=\"spectra-image-gallery__media-thumbnail-caption-wrapper spectra-image-gallery__media-thumbnail-caption-wrapper--overlay\">\n\t\t\t\t\t\t\t\t\t\t\t<div class=\"spectra-image-gallery__media-thumbnail-caption spectra-image-gallery__media-thumbnail-caption--overlay\">\n\t\t\t\t\tNo Caption\t\t\t\t<\/div>\n\t\t\t\t\t\t\t\t\t\t<\/div>\n\t\t\t\t\t\t\t\t\t<\/div>\n\t\t\t\t\t\t<\/div>\n\t\t\t\t\t\t\t\t\t\t<\/div>\n\t\t\t\t\t\t\t\t\t\t\t\t\t\t\t\t\t\t<\/div>\n\t\t\t\t\t\t\t\t\t<\/p>\n<div class=\"wp-block-uagb-advanced-heading uagb-block-964a3abf\">\n<h2 class=\"uagb-heading-text\">\u00a0<\/h2>\n<\/div>\n<p><\/p>\t\t\t\t\t\t\t\t<\/div>\n\t\t\t\t\t<\/div>\n\t\t<\/div>\n\t\t\t\t\t<\/div>\n\t\t<\/section>\n\t\t\t\t<section class=\"elementor-section elementor-top-section elementor-element elementor-element-97e006a elementor-section-boxed elementor-section-height-default elementor-section-height-default\" data-id=\"97e006a\" data-element_type=\"section\">\n\t\t\t\t\t\t<div class=\"elementor-container elementor-column-gap-default\">\n\t\t\t\t\t<div class=\"elementor-column elementor-col-33 elementor-top-column elementor-element elementor-element-12933d3\" data-id=\"12933d3\" data-element_type=\"column\">\n\t\t\t<div class=\"elementor-widget-wrap elementor-element-populated\">\n\t\t\t\t\t\t<div class=\"elementor-element elementor-element-65ec949 elementor-widget elementor-widget-image\" data-id=\"65ec949\" data-element_type=\"widget\" data-widget_type=\"image.default\">\n\t\t\t\t\t\t\t\t\t\t\t\t\t\t\t<img fetchpriority=\"high\" decoding=\"async\" width=\"640\" height=\"425\" src=\"https:\/\/acei.site\/wp-content\/uploads\/2023\/02\/aaa.jpeg\" class=\"attachment-large size-large wp-image-394\" alt=\"\" srcset=\"https:\/\/acei.site\/wp-content\/uploads\/2023\/02\/aaa.jpeg 960w, https:\/\/acei.site\/wp-content\/uploads\/2023\/02\/aaa-300x199.jpeg 300w, https:\/\/acei.site\/wp-content\/uploads\/2023\/02\/aaa-768x510.jpeg 768w\" sizes=\"(max-width: 640px) 100vw, 640px\" \/>\t\t\t\t\t\t\t\t\t\t\t\t\t\t\t<\/div>\n\t\t\t\t\t<\/div>\n\t\t<\/div>\n\t\t\t\t<div class=\"elementor-column elementor-col-33 elementor-top-column elementor-element elementor-element-5a6fa89\" data-id=\"5a6fa89\" data-element_type=\"column\">\n\t\t\t<div class=\"elementor-widget-wrap elementor-element-populated\">\n\t\t\t\t\t\t<div class=\"elementor-element elementor-element-c8ceecf elementor-widget elementor-widget-image\" data-id=\"c8ceecf\" data-element_type=\"widget\" data-widget_type=\"image.default\">\n\t\t\t\t\t\t\t\t\t\t\t\t\t\t\t<img decoding=\"async\" width=\"640\" height=\"425\" src=\"https:\/\/acei.site\/wp-content\/uploads\/2023\/02\/jjj-1024x680.jpeg\" class=\"attachment-large size-large wp-image-392\" alt=\"\" srcset=\"https:\/\/acei.site\/wp-content\/uploads\/2023\/02\/jjj-1024x680.jpeg 1024w, https:\/\/acei.site\/wp-content\/uploads\/2023\/02\/jjj-300x199.jpeg 300w, https:\/\/acei.site\/wp-content\/uploads\/2023\/02\/jjj-768x510.jpeg 768w, https:\/\/acei.site\/wp-content\/uploads\/2023\/02\/jjj.jpeg 1080w\" sizes=\"(max-width: 640px) 100vw, 640px\" \/>\t\t\t\t\t\t\t\t\t\t\t\t\t\t\t<\/div>\n\t\t\t\t<div class=\"elementor-element elementor-element-718a6a4 elementor-widget-divider--view-line elementor-widget elementor-widget-divider\" data-id=\"718a6a4\" data-element_type=\"widget\" data-widget_type=\"divider.default\">\n\t\t\t\t\t\t\t<div class=\"elementor-divider\">\n\t\t\t<span class=\"elementor-divider-separator\">\n\t\t\t\t\t\t<\/span>\n\t\t<\/div>\n\t\t\t\t\t\t<\/div>\n\t\t\t\t\t<\/div>\n\t\t<\/div>\n\t\t\t\t<div class=\"elementor-column elementor-col-33 elementor-top-column elementor-element elementor-element-96abd8a\" data-id=\"96abd8a\" data-element_type=\"column\">\n\t\t\t<div class=\"elementor-widget-wrap elementor-element-populated\">\n\t\t\t\t\t\t<div class=\"elementor-element elementor-element-3ec6a68 elementor-widget elementor-widget-image\" data-id=\"3ec6a68\" data-element_type=\"widget\" data-widget_type=\"image.default\">\n\t\t\t\t\t\t\t\t\t\t\t\t\t\t\t<img decoding=\"async\" width=\"640\" height=\"425\" src=\"https:\/\/acei.site\/wp-content\/uploads\/2023\/02\/kk-1024x680.jpeg\" class=\"attachment-large size-large wp-image-391\" alt=\"\" srcset=\"https:\/\/acei.site\/wp-content\/uploads\/2023\/02\/kk-1024x680.jpeg 1024w, https:\/\/acei.site\/wp-content\/uploads\/2023\/02\/kk-300x199.jpeg 300w, https:\/\/acei.site\/wp-content\/uploads\/2023\/02\/kk-768x510.jpeg 768w, https:\/\/acei.site\/wp-content\/uploads\/2023\/02\/kk.jpeg 1080w\" sizes=\"(max-width: 640px) 100vw, 640px\" \/>\t\t\t\t\t\t\t\t\t\t\t\t\t\t\t<\/div>\n\t\t\t\t\t<\/div>\n\t\t<\/div>\n\t\t\t\t\t<\/div>\n\t\t<\/section>\n\t\t\t\t<section class=\"elementor-section elementor-top-section elementor-element elementor-element-2a906b0 elementor-section-boxed elementor-section-height-default elementor-section-height-default\" data-id=\"2a906b0\" data-element_type=\"section\">\n\t\t\t\t\t\t<div class=\"elementor-container elementor-column-gap-default\">\n\t\t\t\t\t<div class=\"elementor-column elementor-col-100 elementor-top-column elementor-element elementor-element-9bcfe07\" data-id=\"9bcfe07\" data-element_type=\"column\">\n\t\t\t<div class=\"elementor-widget-wrap elementor-element-populated\">\n\t\t\t\t\t\t<div class=\"elementor-element elementor-element-0b84634 elementor-widget elementor-widget-image\" data-id=\"0b84634\" data-element_type=\"widget\" data-widget_type=\"image.default\">\n\t\t\t\t\t\t\t\t\t\t\t\t\t\t\t<img loading=\"lazy\" decoding=\"async\" width=\"640\" height=\"813\" src=\"https:\/\/acei.site\/wp-content\/uploads\/2023\/02\/WhatsApp-Image-2023-02-18-at-4.17.56-PM.jpeg\" class=\"attachment-large size-large wp-image-408\" alt=\"\" srcset=\"https:\/\/acei.site\/wp-content\/uploads\/2023\/02\/WhatsApp-Image-2023-02-18-at-4.17.56-PM.jpeg 806w, https:\/\/acei.site\/wp-content\/uploads\/2023\/02\/WhatsApp-Image-2023-02-18-at-4.17.56-PM-236x300.jpeg 236w, https:\/\/acei.site\/wp-content\/uploads\/2023\/02\/WhatsApp-Image-2023-02-18-at-4.17.56-PM-768x976.jpeg 768w\" sizes=\"(max-width: 640px) 100vw, 640px\" \/>\t\t\t\t\t\t\t\t\t\t\t\t\t\t\t<\/div>\n\t\t\t\t\t<\/div>\n\t\t<\/div>\n\t\t\t\t\t<\/div>\n\t\t<\/section>\n\t\t\t\t<section class=\"elementor-section elementor-top-section elementor-element elementor-element-65795c2 elementor-section-boxed elementor-section-height-default elementor-section-height-default\" data-id=\"65795c2\" data-element_type=\"section\">\n\t\t\t\t\t\t<div class=\"elementor-container elementor-column-gap-default\">\n\t\t\t\t\t<div class=\"elementor-column elementor-col-100 elementor-top-column elementor-element elementor-element-cabbebd\" data-id=\"cabbebd\" data-element_type=\"column\">\n\t\t\t<div class=\"elementor-widget-wrap elementor-element-populated\">\n\t\t\t\t\t\t<div class=\"elementor-element elementor-element-8e8e58a elementor-widget elementor-widget-heading\" data-id=\"8e8e58a\" data-element_type=\"widget\" data-widget_type=\"heading.default\">\n\t\t\t\t\t<h2 class=\"elementor-heading-title elementor-size-default\"><a href=\"https:\/\/gazetemerhaba.com\/ali-suuri-ilkokulu-romanyadan-ogretmenleri-agirladi\/\">AL\u0130 \u015eUUR\u0130 \u0130LKOKULU ROMANYA\u2019DAN \u00d6\u011eRETMENLER\u0130 A\u011eIRLADI<\/a><\/h2>\t\t\t\t<\/div>\n\t\t\t\t\t<\/div>\n\t\t<\/div>\n\t\t\t\t\t<\/div>\n\t\t<\/section>\n\t\t\t\t<section class=\"elementor-section elementor-top-section elementor-element elementor-element-14b6206 elementor-section-boxed elementor-section-height-default elementor-section-height-default\" data-id=\"14b6206\" data-element_type=\"section\">\n\t\t\t\t\t\t<div class=\"elementor-container elementor-column-gap-default\">\n\t\t\t\t\t<div class=\"elementor-column elementor-col-33 elementor-top-column elementor-element elementor-element-82ac145\" data-id=\"82ac145\" data-element_type=\"column\">\n\t\t\t<div class=\"elementor-widget-wrap elementor-element-populated\">\n\t\t\t\t\t\t<div class=\"elementor-element elementor-element-cb96e63 elementor-widget elementor-widget-image\" data-id=\"cb96e63\" data-element_type=\"widget\" data-widget_type=\"image.default\">\n\t\t\t\t\t\t\t\t\t\t\t\t\t\t\t<img loading=\"lazy\" decoding=\"async\" width=\"640\" height=\"361\" src=\"https:\/\/acei.site\/wp-content\/uploads\/2023\/02\/WhatsApp-Image-2023-02-18-at-8.28.36-PM.jpeg\" class=\"attachment-large size-large wp-image-410\" alt=\"\" srcset=\"https:\/\/acei.site\/wp-content\/uploads\/2023\/02\/WhatsApp-Image-2023-02-18-at-8.28.36-PM.jpeg 781w, https:\/\/acei.site\/wp-content\/uploads\/2023\/02\/WhatsApp-Image-2023-02-18-at-8.28.36-PM-300x169.jpeg 300w, https:\/\/acei.site\/wp-content\/uploads\/2023\/02\/WhatsApp-Image-2023-02-18-at-8.28.36-PM-768x434.jpeg 768w\" sizes=\"(max-width: 640px) 100vw, 640px\" \/>\t\t\t\t\t\t\t\t\t\t\t\t\t\t\t<\/div>\n\t\t\t\t\t<\/div>\n\t\t<\/div>\n\t\t\t\t<div class=\"elementor-column elementor-col-33 elementor-top-column elementor-element elementor-element-dc3482d\" data-id=\"dc3482d\" data-element_type=\"column\">\n\t\t\t<div class=\"elementor-widget-wrap elementor-element-populated\">\n\t\t\t\t\t\t<div class=\"elementor-element elementor-element-1fee534 elementor-widget elementor-widget-image\" data-id=\"1fee534\" data-element_type=\"widget\" data-widget_type=\"image.default\">\n\t\t\t\t\t\t\t\t\t\t\t\t\t\t\t<img loading=\"lazy\" decoding=\"async\" width=\"640\" height=\"797\" src=\"https:\/\/acei.site\/wp-content\/uploads\/2023\/02\/WhatsApp-Image-2023-02-18-at-8.28.35-PM.jpeg\" class=\"attachment-large size-large wp-image-411\" alt=\"\" srcset=\"https:\/\/acei.site\/wp-content\/uploads\/2023\/02\/WhatsApp-Image-2023-02-18-at-8.28.35-PM.jpeg 822w, https:\/\/acei.site\/wp-content\/uploads\/2023\/02\/WhatsApp-Image-2023-02-18-at-8.28.35-PM-241x300.jpeg 241w, https:\/\/acei.site\/wp-content\/uploads\/2023\/02\/WhatsApp-Image-2023-02-18-at-8.28.35-PM-768x957.jpeg 768w\" sizes=\"(max-width: 640px) 100vw, 640px\" \/>\t\t\t\t\t\t\t\t\t\t\t\t\t\t\t<\/div>\n\t\t\t\t\t<\/div>\n\t\t<\/div>\n\t\t\t\t<div class=\"elementor-column elementor-col-33 elementor-top-column elementor-element elementor-element-4b98f52\" data-id=\"4b98f52\" data-element_type=\"column\">\n\t\t\t<div class=\"elementor-widget-wrap elementor-element-populated\">\n\t\t\t\t\t\t<div class=\"elementor-element elementor-element-87e9c7b elementor-widget elementor-widget-image\" data-id=\"87e9c7b\" data-element_type=\"widget\" data-widget_type=\"image.default\">\n\t\t\t\t\t\t\t\t\t\t\t\t\t\t\t<img loading=\"lazy\" decoding=\"async\" width=\"640\" height=\"797\" src=\"https:\/\/acei.site\/wp-content\/uploads\/2023\/02\/WhatsApp-Image-2023-02-18-at-8.28.33-PM.jpeg\" class=\"attachment-large size-large wp-image-412\" alt=\"\" srcset=\"https:\/\/acei.site\/wp-content\/uploads\/2023\/02\/WhatsApp-Image-2023-02-18-at-8.28.33-PM.jpeg 822w, https:\/\/acei.site\/wp-content\/uploads\/2023\/02\/WhatsApp-Image-2023-02-18-at-8.28.33-PM-241x300.jpeg 241w, https:\/\/acei.site\/wp-content\/uploads\/2023\/02\/WhatsApp-Image-2023-02-18-at-8.28.33-PM-768x957.jpeg 768w\" sizes=\"(max-width: 640px) 100vw, 640px\" \/>\t\t\t\t\t\t\t\t\t\t\t\t\t\t\t<\/div>\n\t\t\t\t\t<\/div>\n\t\t<\/div>\n\t\t\t\t\t<\/div>\n\t\t<\/section>\n\t\t\t\t<section class=\"elementor-section elementor-top-section elementor-element elementor-element-eb574f3 elementor-section-boxed elementor-section-height-default elementor-section-height-default\" data-id=\"eb574f3\" data-element_type=\"section\">\n\t\t\t\t\t\t<div class=\"elementor-container elementor-column-gap-default\">\n\t\t\t\t\t<div class=\"elementor-column elementor-col-50 elementor-top-column elementor-element elementor-element-f10408b\" data-id=\"f10408b\" data-element_type=\"column\">\n\t\t\t<div class=\"elementor-widget-wrap elementor-element-populated\">\n\t\t\t\t\t\t<div class=\"elementor-element elementor-element-f809ebb elementor-widget elementor-widget-heading\" data-id=\"f809ebb\" data-element_type=\"widget\" data-widget_type=\"heading.default\">\n\t\t\t\t\t<h2 class=\"elementor-heading-title elementor-size-default\"><a href=\"https:\/\/www.gazeteyenisoz.com\/mansetler\/quot-kulturler-arasi-egitimde-dostluk-projesi-quot-nin-misafirlerinden-alisuuri-ilkokulu-na-ziyaret-36379.html\">Vizit\u0103 la \u0218coala Primar\u0103 Alishuuri de la Invita\u021bii Proiectului Prietenie \u00een Educa\u021bie Intercultural\u0103<\/a><\/h2>\t\t\t\t<\/div>\n\t\t\t\t\t<\/div>\n\t\t<\/div>\n\t\t\t\t<div class=\"elementor-column elementor-col-50 elementor-top-column elementor-element elementor-element-95784e1\" data-id=\"95784e1\" data-element_type=\"column\">\n\t\t\t<div class=\"elementor-widget-wrap elementor-element-populated\">\n\t\t\t\t\t\t<div class=\"elementor-element elementor-element-6fcb632 elementor-widget elementor-widget-image\" data-id=\"6fcb632\" data-element_type=\"widget\" data-widget_type=\"image.default\">\n\t\t\t\t\t\t\t\t\t\t\t\t\t\t\t<img loading=\"lazy\" decoding=\"async\" width=\"640\" height=\"317\" src=\"https:\/\/acei.site\/wp-content\/uploads\/2023\/02\/WhatsApp-Image-2023-02-18-at-8.40.10-PM.jpeg\" class=\"attachment-large size-large wp-image-416\" alt=\"\" srcset=\"https:\/\/acei.site\/wp-content\/uploads\/2023\/02\/WhatsApp-Image-2023-02-18-at-8.40.10-PM.jpeg 930w, https:\/\/acei.site\/wp-content\/uploads\/2023\/02\/WhatsApp-Image-2023-02-18-at-8.40.10-PM-300x148.jpeg 300w, https:\/\/acei.site\/wp-content\/uploads\/2023\/02\/WhatsApp-Image-2023-02-18-at-8.40.10-PM-768x380.jpeg 768w\" sizes=\"(max-width: 640px) 100vw, 640px\" \/>\t\t\t\t\t\t\t\t\t\t\t\t\t\t\t<\/div>\n\t\t\t\t\t<\/div>\n\t\t<\/div>\n\t\t\t\t\t<\/div>\n\t\t<\/section>\n\t\t\t\t<\/div>\n\t\t","protected":false},"excerpt":{"rendered":"<p>\u0130L\u00c7EM\u0130Z MEHMET AK\u0130F ERSOY \u0130LKOKULU ETW\u0130NN\u0130NG VE ERASMUS PROJELER\u0130 ROMANYA ORTAGI EK\u0130B\u0130 \u0130L\u00c7E M\u0130LL\u0130 E\u011e\u0130T\u0130M M\u00dcD\u00dcR\u00dcM\u00dcZ SAYIN MESUT KOCABA\u015e&#8217;I MAKAMINDA Z\u0130YARET ETT\u0130LER \u0130l\u00e7emiz Mehmet Akif Ersoy \u0130lkokulu e twinning ve Erasmus Proje orta\u011f\u0131 Romanya Petrescu dan Okul\u00f6ncesi \u00f6\u011fretmeni Atena Ilie ve s\u0131n\u0131f \u00f6\u011fretmeni Mariana Mocaita ,Lavinia Matei, \u0130l\u00e7e Milli E\u011fitim M\u00fcd\u00fcr\u00fcm\u00fcz Mesut KOCABA\u015e&#8217;\u0131 Makam\u0131nda ziyaret ederek y\u00fcr\u00fct\u00fclen projeler hakk\u0131nda g\u00f6r\u00fc\u015fme [&hellip;]<\/p>\n","protected":false},"author":1,"featured_media":0,"parent":0,"menu_order":0,"comment_status":"closed","ping_status":"closed","template":"","meta":{"om_disable_all_campaigns":false,"_uag_custom_page_level_css":"","_monsterinsights_skip_tracking":false,"_monsterinsights_sitenote_active":false,"_monsterinsights_sitenote_note":"","_monsterinsights_sitenote_category":0,"footnotes":""},"class_list":["post-377","page","type-page","status-publish","hentry"],"aioseo_notices":[],"_hostinger_reach_plugin_has_subscription_block":false,"_hostinger_reach_plugin_is_elementor":false,"uagb_featured_image_src":{"full":false,"thumbnail":false,"medium":false,"medium_large":false,"large":false,"1536x1536":false,"2048x2048":false,"bizberg_medium":false,"bizberg_gallery":false,"bizberg_blog_list":false,"bizberg_detail_image":false,"bizberg_detail_image_no_sidebar":false,"bizberg_portfolio_homepage":false,"bizberg_blog_list_no_sidebar_1":false},"uagb_author_info":{"display_name":"hassangujjar007raza@gmail.com","author_link":"https:\/\/acei.site\/?author=1"},"uagb_comment_info":0,"uagb_excerpt":"\u0130L\u00c7EM\u0130Z MEHMET AK\u0130F ERSOY \u0130LKOKULU ETW\u0130NN\u0130NG VE ERASMUS PROJELER\u0130 ROMANYA ORTAGI EK\u0130B\u0130 \u0130L\u00c7E M\u0130LL\u0130 E\u011e\u0130T\u0130M M\u00dcD\u00dcR\u00dcM\u00dcZ SAYIN MESUT KOCABA\u015e&#8217;I MAKAMINDA Z\u0130YARET ETT\u0130LER \u0130l\u00e7emiz Mehmet Akif Ersoy \u0130lkokulu e twinning ve Erasmus Proje orta\u011f\u0131 Romanya Petrescu dan Okul\u00f6ncesi \u00f6\u011fretmeni Atena Ilie ve s\u0131n\u0131f \u00f6\u011fretmeni Mariana Mocaita ,Lavinia Matei, \u0130l\u00e7e Milli E\u011fitim M\u00fcd\u00fcr\u00fcm\u00fcz Mesut KOCABA\u015e&#8217;\u0131 Makam\u0131nda ziyaret&hellip;","_links":{"self":[{"href":"https:\/\/acei.site\/index.php?rest_route=\/wp\/v2\/pages\/377","targetHints":{"allow":["GET"]}}],"collection":[{"href":"https:\/\/acei.site\/index.php?rest_route=\/wp\/v2\/pages"}],"about":[{"href":"https:\/\/acei.site\/index.php?rest_route=\/wp\/v2\/types\/page"}],"author":[{"embeddable":true,"href":"https:\/\/acei.site\/index.php?rest_route=\/wp\/v2\/users\/1"}],"replies":[{"embeddable":true,"href":"https:\/\/acei.site\/index.php?rest_route=%2Fwp%2Fv2%2Fcomments&post=377"}],"version-history":[{"count":18,"href":"https:\/\/acei.site\/index.php?rest_route=\/wp\/v2\/pages\/377\/revisions"}],"predecessor-version":[{"id":419,"href":"https:\/\/acei.site\/index.php?rest_route=\/wp\/v2\/pages\/377\/revisions\/419"}],"wp:attachment":[{"href":"https:\/\/acei.site\/index.php?rest_route=%2Fwp%2Fv2%2Fmedia&parent=377"}],"curies":[{"name":"wp","href":"https:\/\/api.w.org\/{rel}","templated":true}]}}